106?
98
What is the remainder when 712 is divided by 250?
212
Calculate the remainder when 636427 is divided by 27.
10
What is the remainder when 26301 is divided by 3757?
2
Calculate the remainder when 1882 is divided by 1157.
725
Calculate the remainder when 7388 is divided by 820.
8
What is the remainder when 38683 is divided by 19?
18
What is the remainder when 115270 is divided by 779?
757
What is the remainder when 21545 is divided by 1267?
6
What is the remainder when 51576 is divided by 41?
39
What is the remainder when 8599 is divided by 1715?
24
Calculate the remainder when 22446 is divided by 61.
59
What is the remainder when 3121 is divided by 32?
17
Calculate the remainder when 17295 is divided by 17233.
62
Calculate the remainder when 8246 is divided by 748.
18
Calculate the remainder when 339338 is divided by 11.
10
Calculate the remainder when 16283 is divided by 440.
3
Calculate the remainder when 244032 is divided by 17.
14
Calculate the remainder when 1600 is divided by 135.
115
Calculate the remainder when 12919 is divided by 76.
75
What is the remainder when 8951 is divided by 1788?
11
Calculate the remainder when 47715 is divided by 55.
30
What is the remainder when 231045 is divided by 24?
21
Calculate the remainder when 28629 is divided by 36.
9
What is the remainder when 21592 is divided by 1798?
16
Calculate the remainder when 7076 is divided by 32.
4
Calculate the remainder when 3473 is divided by 1112.
137
What is the remainder when 6253 is divided by 749?
261
Calculate the remainder when 48506 is divided by 70.
66
Calculate the remainder when 133038 is divided by 559.
555
Calculate the remainder when 6076 is divided by 6022.
54
What is the remainder when 5917 is divided by 297?
274
Calculate the remainder when 533766 is divided by 247.
246
What is the remainder when 49104 is divided by 49029?
75
Calculate the remainder when 115805 is divided by 23.
0
Calculate the remainder when 3245 is divided by 58.
55
Calculate the remainder when 3770 is divided by 1254.
8
What is the remainder when 2577 is divided by 183?
15
Calculate the remainder when 55641 is divided by 318.
309
What is the remainder when 431658 is divided by 970?
8
What is the remainder when 3538 is divided by 46?
42
Calculate the remainder when 10469 is divided by 30.
29
Calculate the remainder when 4011 is divided by 390.
111
Calculate the remainder when 87304 is divided by 671.
74
What is the remainder when 23798 is divided by 70?
68
What is the remainder when 61576 is divided by 5125?
76
Calculate the remainder when 62678 is divided by 20861.
95
What is the remainder when 1983 is divided by 487?
35
What is the remainder when 186564 is divided by 46638?
12
Calculate the remainder when 1598561 is divided by 11.
8
Calculate the remainder when 5891 is divided by 92.
3
Calculate the remainder when 25181 is divided by 77.
2
What is the remainder when 7818 is divided by 323?
66
Calculate the remainder when 97175 is divided by 32372.
59
What is the remainder when 30912 is divided by 7726?
8
What is the remainder when 526499 is divided by 108?
107
Calculate the remainder when 59476 is divided by 102.
10
What is the remainder when 1575 is divided by 626?
323
What is the remainder when 4219 is divided by 2107?
5
Calculate the remainder when 187 is divided by 51.
34
Calculate the remainder when 22338 is divided by 22118.
220
Calculate the remainder when 82319 is divided by 16463.
4
Calculate the remainder when 908 is divided by 76.
72
What is the remainder when 10608 is divided by 535?
443
What is the remainder when 2709 is divided by 37?
8
Calculate the remainder when 22232 is divided by 823.
11
What is the remainder when 2433 is divided by 269?
12
Calculate the remainder when 68823 is divided by 56.
55
Calculate the remainder when 6834 is divided by 119.
51
What is the remainder when 208 is divided by 23?
1
What is the remainder when 77427 is divided by 161?
147
Calculate the remainder when 12877 is divided by 80.
77
What is the remainder when 60021 is divided by 707?
633
Calculate the remainder when 3855 is divided by 34.
13
Calculate the remainder when 51207 is divided by 25599.
9
What is the remainder when 7408 is divided by 3665?
78
Calculate the remainder when 786 is divided by 124.
42
What is the remainder when 1477 is divided by 630?
217
Calculate the remainder when 4876 is divided by 2425.
26
Calculate the remainder when 3082 is divided by 496.
106
What is the remainder when 5472 is divided by 188?
20
What is the remainder when 808 is divided by 381?
46
What is the remainder when 28465 is divided by 2033?
3
What is the remainder when 50999 is divided by 50985?
14
Calculate the remainder when 109236 is divided by 313.
312
What is the remainder when 11219 is divided by 780?
299
What is the remainder when 10273 is divided by 10249?
24
What is the remainder when 464 is divided by 282?
182
What is the remainder when 10228 is divided by 189?
22
What is the remainder when 6697 is divided by 358?
253
What is the remainder when 2268 is divided by 141?
12
What is the remainder when 679574 is divided by 75?
74
What is the remainder when 101725 is divided by 38?
37
What is the remainder when 449770 is divided by 2026?
2024
Calculate the remainder when 6791 is divided by 68.
59
What is the remainder when 4739 is divided by 30?
29
Calculate the remainder when 22491 is divided by 442.
391
Calculate the remainder when 21752 is divided by 4348.
12
What is the remainder when 57817 is divided by 3039?
76
Calculate the remainder when 8261 is divided by 460.
441
Calculate the remainder when 380 is divided by 176.
28
What is the remainder when 10525813 is divided by 13?
12
What is the remainder when 1357 is divided by 666?
25
What is the remainder when 1136 is divided by 214?
66
Calculate the remainder when 25431 is divided by 42.
21
What is the remainder when 724 is divided by 288?
148
What is the remainder when 6856 is divided by 104?
96
What is the remainder when 9580 is divided by 21?
4
What is the remainder when 185899 is divided by 185885?
14
What is the remainder when 16953 is divided by 806?
27
What is the remainder when 829782 is divided by 33?
30
Calculate the remainder when 58539 is divided by 673.
661
Calculate the remainder when 883558 is divided by 555.
553
What is the remainder when 56756 is divided by 481?
479
Calculate the remainder when 6142 is divided by 387.
337
Calculate the remainder when 5173 is divided by 19.
5
What is the remainder when 28179 is divided by 542?
537
What is the remainder when 37929 is divided by 197?
105
What is the remainder when 837 is divided by 120?
117
Calculate the remainder when 176 is divided by 160.
16
Calculate the remainder when 4985370 is divided by 266.
264
What is the remainder when 340 is divided by 284?
56
What is the remainder when 15439 is divided by 153?
139
Calculate the remainder when 25289 is divided by 248.
241
Calculate the remainder when 278169 is divided by 175.
94
Calculate the remainder when 147090 is divided by 324.
318
Calculate the remainder when 216978 is divided by 19724.
14
What is the remainder when 4554 is divided by 646?
32
Calculate the remainder when 1072 is divided by 165.
82
What is the remainder when 43111 is divided by 21542?
27
Calculate the remainder when 16815 is divided by 323.
19
Calculate the remainder when 104586 is divided by 769.
2
What is the remainder when 145620 is divided by 139?
87
Calculate the remainder when 25984 is divided by 3711.
7
What is the remainder when 1178049 is divided by 254?
251
What is the remainder when 34304 is divided by 858?
842
What is the remainder when 3118 is divided by 22?
16
What is the remainder when 1448 is divided by 771?
677
What is the remainder when 770367 is divided by 61?
59
Calculate the remainder when 78621 is divided by 425.
421
What is the remainder when 1061 is divided by 119?
109
What is the remainder when 161 is divided by 49?
14
Calculate the remainder when 1278744 is divided by 103.
102
What is the remainder when 6660 is divided by 769?
508
Calculate the remainder when 60731 is divided by 405.
386
Calculate the remainder when 6068 is divided by 402.
38
What is the remainder when 48099 is divided by 45?
39
What is the remainder when 